 1/12*u**4. Determine y(-5).
-4
Let z(p) = -10*p + 24. Let g be z(3). Let n(f) = 4*f - 6. Let a(w) = -5*w + 7. Let s(y) = g*a(y) - 7*n(y). Let m(q) = 3*q + 9. Let j be m(-4). What is s(j)?
-6
Let q be 5/10 + (-26)/(-4). Let p(g) = -80*g + 157*g - 83*g - q - g**2. What is p(-7)?
-14
Let v(r) = 7*r + 4. Let n(a) = -8*a - 5. Let k(i) = 5*n(i) + 6*v(i). Let t(f) = 15*f - 213. Let w be t(14). What is k(w)?
-7
Let d(n) = -n**3 - 26*n**2 - 2. Let u(v) = -77*v**3 - 1716*v**2 - 132. Let j(o) = 66*d(o) - u(o). Suppose -11 = 5*s - 4*a, -3*a + 13 = 2*s - 1. Calculate j(s).
11
Suppose 0 = 46*o - 880 - 841 - 257. Let c(p) = p**3 - 38*p**2 - 213*p - 88. Calculate c(o).
-2
Let c(z) be the third derivative of -z**4/24 - 2*z**3/3 + 737*z**2. Give c(-11).
7
Let u(p) = 132 - 55 - 14 + 12*p. Give u(-6).
-9
Suppose 0 = -w - 0*w - 5*q + 24, -2*q = 3*w - 33. Suppose 0 = 6*i - w*i + 27. Let p(h) = h**3 - 10*h**2 + 10*h - 4. What is p(i)?
5
Let d(f) = -f**2 - 16*f - 37. Let i be d(-13). Let c(b) = -2*b + 15 - 5*b**i - b**3 + b - 3*b - 16. Give c(-3).
-7
Let f(x) = -x**3 + 16*x**2 + 17*x + 5. Let q be f(17). Suppose -5*w - 13 = -s, 0*w + w - q*s = 7. Let d be 29/4 + w/12. Let u(o) = -o**2 + 7*o - 3. Give u(d).
-3
Let p(w) be the second derivative of -w**5/20 + 3*w**4/4 - 5*w**3/3 + w**2/2 + 4*w. Let f(d) = 9*d**3 + 2*d - 3. Let r be f(1). What is p(r)?
-15
Let v(j) be the third derivative of j**5/60 - 5*j**4/6 + 11*j**3 - 58*j**2 - 49*j. What is v(12)?
-30
Let l(f) = 37*f - 11*f + 2 - 10*f - 12*f. Let x(a) = -3*a - 1. Let d = 96 + -99. Let y(p) = d*x(p) - 2*l(p). Give y(-2).
-3
Let w(h) be the third derivative of -1/60*h**5 - 1/12*h**4 + 10*h**2 + 0*h - 1/6*h**3 + 0. Suppose -9 = 5*m + 11. Calculate w(m).
-9
Let o(t) = -46*t - 4 - 59*t + 153*t - 51*t - 21. Give o(-15).
20
Let k(t) = 17*t**3 + 184*t**2 - 18*t - 77. Let y(a) = -11*a**3 - 122*a**2 + 8*a + 51. Let o(i) = 9*k(i) + 14*y(i). Determine o(-51).
-30
Let f(w) = -w**2 + w - 1. Let d(b) = 3*b**2 - 29*b. Let z(j) = -d(j) - 2*f(j). Let s be z(26). Let k = -26 + s. Let i(q) = q**2 - 2*q - 1. Give i(k).
-1
Let y(k) = -12 + 0*k - 400*k**2 + k + k**3 - 4*k + 395*k**2. Give y(6).
6
Let w(i) = -i**2. Let m(c) = c**3 + 2*c**2 - 8*c - 13. Let v(f) = m(f) - 4*w(f). Let t(h) = -h**3 - 18*h**2 + 130*h + 77. Let g be t(6). What is v(g)?
-6
Suppose 5*h - 5 = 5. Suppose 0 = 3*b - h - 4. Let a be -5 + (-3 + 3)/b. Let g(j) = -j**3 - 4*j**2 + 3*j - 3. What is g(a)?
7
Let y(m) = 17*m**2 + 92*m + 14. Let h(q) = -14*q**2 - 83*q - 13. Let t(f) = -5*h(f) - 4*y(f). What is t(-23)?
-14
Suppose 72 = 2*w + 40. Let u be (20/(-8))/((-4)/w - 1). Let o(l) = l**3 + 13*l - 9*l + 1 - 6 - 5*l**u. Determine o(4).
-5
Let p(c) be the third derivative of 1/60*c**5 - 70*c**2 + 0*c + 1/3*c**4 + 0 + 2/3*c**3. Calculate p(-6).
-8
Let x(v) be the first derivative of -2*v**3/3 - 2*v**2 - 3*v + 291. Let g be 1*3 - (16 - 4). Let h be 3/g - (-10)/(-6). Calculate x(h).
-3
Let t(x) = -24 + 54 - 7*x - 26. Let d be 8 - (-3)/(-9)*12. Calculate t(d).
-24
Let u(r) = -145*r - 9. Let k(f) = 266*f + 17. Let n(b) = 6*k(b) + 11*u(b). Suppose 6 = -2*i, -3*s + 5*i - 20 = 2*s. Let p = -1 + s. Determine n(p).
-5
Let k(q) = q**3 - 4*q**2 - 2*q + 6. Let l(x) = 4*x**2 + 12*x + 16. Let z be l(-4). Suppose -152 + z = -24*j. Give k(j).
21
Let j(t) = -7*t - 27. Let w(m) = -37*m - 143. Let r(n) = -11*j(n) + 2*w(n). What is r(-2)?
5
Let f(x) = 14*x**2 + 10*x - 3. Let l be f(-4). Let p(d) = -1 + 3 + 182*d - l*d. Give p(-3).
-1
Let h(u) be the second derivative of -1/3*u**3 - 1/12*u**4 - 5/2*u**2 + 24 - 2*u. Determine h(-8).
-53
Suppose 4*k - 3*d = 0, -k - 36 = 2*d - 47. Let o(r) be the first derivative of 0*r**2 - 5*r - 12 - 1/3*r**k. Give o(4).
-21
Let j(u) = 2191 + 16*u**3 - 17*u**3 - 2192. Calculate j(1).
-2
Let d be (-75)/(-30)*6/(-9)*-18. Suppose -78 = -6*i - d. Let c(k) = -2*k**2 + 17*k - 8. Give c(i).
0
Let u(s) = 2 - 7*s**2 - 6*s**2 + 14*s**2 + 6*s. Suppose 9*n = -6*n + 60. Suppose n*w - 1 - 12 = -z, 14 = -2*z + 2*w. Calculate u(z).
-7
Suppose 7*v - 1258 = 16. Let x = -169 + v. Let g(s) = s**2 - 15*s + 18. Determine g(x).
-8
Let w(h) = -12*h + 2 + 14*h + 10*h - 15*h**2 + 5*h + 2*h**3 - 3*h**3. Determine w(-16).
-14
Let h be -4 + 16/((-112)/(-35)). Let i(f) = -43*f. What is i(h)?
-43
Let m(x) = -132*x**3 - x**2 - x + 2. Suppose 4*t + 44 = 8*s, -668*t = -672*t + 4*s - 20. Determine m(t).
-132
Let h(w) = -2*w**2 - 2*w + 2. Let d = 179 + -66. Let l = d + -110. Suppose 0 = -2*x - l*m - 15, 2*m + 11 = -4*x - 7. Give h(x).
-10
Let a = 2 - 0. Suppose a = 4*s - j, 4*j + 1 - 12 = -3*s. Let p(q) = -26*q - 5. Let l(d) = 14*d + 3. Let n(o) = -7*l(o) - 4*p(o). Give n(s).
5
Let y(g) = -8*g**2 + 6*g + 13. Suppose 587*d + 441 = 440*d. What is y(d)?
-77
Suppose 4*p = -135*p + 278. Let i(s) = -4*s**2 - 5*s + 5. Determine i(p).
-21
Let b(q) = -2*q - 2. Let y(m) = m + 3. Let c be y(0). Suppose 3*x = 24 + c. Suppose -x = -4*f + 7. What is b(f)?
-10
Suppose -4*q + z = -27 - 80, -4*z + 139 = 5*q. Let y(d) = 4*d - 17 + q + d**2 - 14. Let p be -6*4/16*(-60)/(-18). Calculate y(p).
1
Let w(p) = 45*p**2 - 36*p - 101. Let t(g) = 17*g**2 - 12*g - 34. Let i(k) = 8*t(k) - 3*w(k). What is i(-7)?
-4
Suppose -z = 9 - 4. Let d be -1*(-1 + -1 + z). Suppose s - 4*s - 4*t = -d, -2*s - 5*t = 0. Let l(g) = g**3 - 5*g**2 + g - 3. Give l(s).
2
Let u(g) = -5 - 13*g - 3 + 7 + 6. Let w(d) = -32*d + 12. Let p(n) = 12*u(n) - 5*w(n). Let h(l) = l**3 - 5*l**2 - 6*l + 2. Let y be h(6). Determine p(y).
8
Let z(q) = -q**3 - 6*q**2 + 2*q + 17. Let y be z(-6). Let r(a) = 4*a - 3. Let g(n) = -4*n + 3. Let m(d) = 6*g(d) + 5*r(d). What is m(y)?
-17
Let t = -1340 - -1333. Let k(q) = 6*q + 6. Determine k(t).
-36
Suppose 78 = -r + 7*r. Suppose 0 = r*h - 1133 + 314. Suppose -8*y + h = y. Let x(d) = d**2 - 5*d + 2. Determine x(y).
16
Let u be ((-1295)/(-2405))/((-2)/(-26)). Let a be (-16)/(-10)*(0 - -5). Let s(i) = -a + 2*i - u + 7 + 2. Calculate s(4).
2
Let m = 56 + -55. Let a be ((-4)/1)/(-1 + 3)*m. Let n(z) = -z**2 - z - 1. Let f(w) = -4*w**2 - 2*w - 4. Let g(p) = a*f(p) + 7*n(p). Calculate g(6).
19
Let d(a) = -5*a**3 - 2*a**2 - 5*a + 6. Suppose -4*k - 26 + 0 = -2*z, 0 = 5*z + 3*k + 13. What is d(z)?
-6
Let g = 85 + -105. Let c = g - -23. Let j(l) = 0 + 1 + l + 1. Calculate j(c).
5
Suppose -5*h + 3*u - 5 = 0, -12 = -5*h + 3*h + 4*u. Let b be -2*11/(-8) - (-2)/8. Let k(l) = 5 + b*l + 4 - 3. Calculate k(h).
-6
Let v(q) be the second derivative of -q**4/12 + 7*q**3/3 - 35*q**2/2 - q - 1282. Determine v(7).
14
Let h(z) = z - 4. Let g be 3*35/5*(-15 + -2). Let l = -355 - g. Calculate h(l).
-2
Let a(w) = 3*w + 2. Let o be (6/15 + 0)*(31 - 36). Determine a(o).
-4
Let h be 5/((-30)/(-8)) - (-76)/114. Let v = 32 + -5. Let r(x) = v - 2*x - 13 - 12 - 6*x. Give r(h).
-14
Suppose 0 = -4*l - 4, -35*i - 2*l + 6 = -36*i. Let a(c) = -7*c - 49. Give a(i).
7
Let f(y) be the second derivative of y**4/3 + 2*y**3/3 - 23*y**2/2 - 1071*y + 2. Give f(-5).
57
Suppose 0 = -5*d + 5 + 5. Let s(m) = -8*m**3 + 30*m**2 + 12*m + 102. Let x(h) = -2*h**3 + 8*h**2 + 3*h + 28. Let n(p) = 3*s(p) - 11*x(p). What is n(d)?
-4
Let a(x) = -679*x + 516. Let t(j) = -274*j + 258. Let s(k) = 2*a(k) - 5*t(k). Give s(22).
6
Let w(i) be the first derivative of i**2 + 3*i + 222. Let k be 16/(-12)*(-3)/2. Let f be (-1 + -4)*k/5. What is w(f)?
-1
Let t(r) be the second derivative of 2*r**3 + 91*r**2/2 - 3988*r. What is t(-7)?
7
Let w(n) = -n + 11. Let b(d) = -7*d**2 - d + 35. Let v(a) = b(a) - 3*w(a). Calculate v(-2).
-30
Let z = 11 + -8. Let g(o) = -3*o - 1. Let s(x) = 11*x + 2. Let j(d) = -5*g(d) - 2*s(d). Give j(z).
-20
Let m(q) = q**2 - 16*q + 10. Let y(g) = -g**2 + 14*g - 9. Let v = -33 - -132. Let i be 6*(48/v - 6/(-33)). Let c(r) = i*y(r) + 3*m(r). What is c(5)?
9
Let z = -338 - -123. Let f = z - -210. Let i(p) = p**3 + 4*p**2 - 7*p - 2. What is i(f)?
8
Let b(t) = t + 1. Let o(y) = -6*y**3 + 3*y**2 + 5*y + 6. Let m be o(-2). Suppose m = v + 42. Suppose 15*n = 8*n - v. What is b(n)?
-1
Let f(l) = 2*l**2 - l. Let t(g) = -4*g + 22. Let b be t(6). Let n be 1/(4 - (b + 7)). What is f(n)?
3
Let w(a) = -34*a + 61. Let n(s) = -40*s + 88. Let h(f) = 6*n(f) - 7*w(f). What is h(14)?
73
Let w(f) be the second derivative of -3*f**3/2 + 217*f**2/2 - 883*f. Calculate w(23).
10
Let v(x) = 37*x + 1